{"id":1589,"date":"2026-03-12T18:52:12","date_gmt":"2026-03-12T17:52:12","guid":{"rendered":"https:\/\/icaourense.gal\/?page_id=1589"},"modified":"2026-03-12T19:50:06","modified_gmt":"2026-03-12T18:50:06","slug":"los-incendios-laborales-pueden-derivar-en-graves-responsabilidades-penales-y-civiles","status":"publish","type":"page","link":"https:\/\/icaourense.gal\/gl\/los-incendios-laborales-pueden-derivar-en-graves-responsabilidades-penales-y-civiles\/","title":{"rendered":"Os incendios laborais poden derivar en graves responsabilidades penais e civ\u00eds"},"content":{"rendered":"<p>A avogac\u00eda de Ourense participa en PREVISEL 2026 para analizar as implicaci\u00f3ns xur\u00eddicas da prevenci\u00f3n de incendios<\/p>\n\n\n\n<p>Ourense, marzo de 2026.  <\/p>\n\n\n\n<p class=\"translation-block\">Os incendios en contornas laborais non son unicamente unha emerxencia que deba ser controlada desde o punto de vista t\u00e9cnico. Tam\u00e9n poden converterse na orixe de graves responsabilidades penais e civ\u00eds para todos os profesionais implicados nun proxecto ou actividade.<\/p>\n\n\n\n<p class=\"translation-block\">Este foi un dos eixos da mesa redonda celebrada no 19\u00ba Sal\u00f3n da Prevenci\u00f3n e Seguridade Laboral (PREVISEL), organizado no marco de Expourense os d\u00edas 11 e 12 de marzo, onde participaron representantes de distintos colexios profesionais para analizar os retos actuais da seguridade contra incendios.<\/p>\n\n\n\n<p>En representaci\u00f3n del <strong>Ilustre Colegio de la Abogac\u00eda de Ourense (ICA Ourense)<\/strong> intervino <strong>Manuela Fern\u00e1ndez Cougil<\/strong>, quien abord\u00f3 las responsabilidades jur\u00eddicas que pueden derivarse de un incendio cuando existen fallos en la prevenci\u00f3n, la planificaci\u00f3n o la gesti\u00f3n del riesgo.<\/p>\n\n\n\n<p class=\"translation-block\">Segundo explicou, no \u00e1mbito xur\u00eddico existe unha premisa fundamental: non abonda con apagar o lume, \u00e9 necesario demostrar que se fixo todo o posible para evitalo.<\/p>\n\n\n\n<p>Seg\u00fan explic\u00f3, en el \u00e1mbito jur\u00eddico existe una premisa fundamental: <strong>no basta con apagar el fuego, es necesario demostrar que se hizo todo lo posible para evitarlo<\/strong>.<\/p>\n\n\n\n<p class=\"translation-block\">A falta de prevenci\u00f3n, de formaci\u00f3n axeitada, de control ou dunha resposta dilixente pode traducirse en danos persoais, perdas econ\u00f3micas, afecci\u00f3ns ao medio ambiente e responsabilidades xur\u00eddicas de gran alcance, tanto no \u00e1mbito civil como penal.<\/p>\n\n\n\n<p class=\"translation-block\">As\u00ed mesmo, p\u00faxose de relevo que a actuaci\u00f3n posterior ao sinistro pode resultar determinante. Actuar con rapidez, avisar \u00e1s autoridades, rexistrar o ocorrido, comunicar axeitadamente, investigar as causas e documentar todo o proceso non \u00e9 s\u00f3 unha boa pr\u00e1ctica operativa, sen\u00f3n tam\u00e9n unha necesidade xur\u00eddica que pode influ\u00edr decisivamente na determinaci\u00f3n de responsabilidades.<\/p>\n\n\n\n<p class=\"translation-block\">A mesa redonda reuniu representantes de diversos colexios profesionais \u2014arquitectos, aparelladores, enxe\u00f1eiros t\u00e9cnicos industriais, enxe\u00f1eiros agr\u00f3nomos e avogados\u2014 co obxectivo de ofrecer unha visi\u00f3n multidisciplinar da seguridade contra incendios, abordando tanto os aspectos t\u00e9cnicos como as implicaci\u00f3ns normativas e xur\u00eddicas.<\/p>\n\n\n\n<p class=\"translation-block\">A participaci\u00f3n do ICA Ourense en PREVISEL pon de manifesto a importancia de integrar a perspectiva xur\u00eddica na prevenci\u00f3n de riscos laborais, especialmente en \u00e1mbitos como a seguridade contra incendios, onde as decisi\u00f3ns t\u00e9cnicas e organizativas poden ter consecuencias legais de gran relevancia.<\/p>","protected":false},"excerpt":{"rendered":"<p>La abogac\u00eda de Ourense participa en PREVISEL 2026 para analizar las implicaciones jur\u00eddicas de la prevenci\u00f3n de incendios Ourense, marzo de 2026. Los incendios en entornos laborales no son \u00fanicamente una emergencia que deba ser controlada desde el punto de vista t\u00e9cnico. Tambi\u00e9n pueden convertirse en el origen de graves responsabilidades penales y civiles para &hellip; <\/p>","protected":false},"author":1,"featured_media":1591,"parent":0,"menu_order":0,"comment_status":"closed","ping_status":"closed","template":"","meta":{"footnotes":""},"class_list":["post-1589","page","type-page","status-publish","has-post-thumbnail","hentry"],"_links":{"self":[{"href":"https:\/\/icaourense.gal\/gl\/wp-json\/wp\/v2\/pages\/1589","targetHints":{"allow":["GET"]}}],"collection":[{"href":"https:\/\/icaourense.gal\/gl\/wp-json\/wp\/v2\/pages"}],"about":[{"href":"https:\/\/icaourense.gal\/gl\/wp-json\/wp\/v2\/types\/page"}],"author":[{"embeddable":true,"href":"https:\/\/icaourense.gal\/gl\/wp-json\/wp\/v2\/users\/1"}],"replies":[{"embeddable":true,"href":"https:\/\/icaourense.gal\/gl\/wp-json\/wp\/v2\/comments?post=1589"}],"version-history":[{"count":2,"href":"https:\/\/icaourense.gal\/gl\/wp-json\/wp\/v2\/pages\/1589\/revisions"}],"predecessor-version":[{"id":1599,"href":"https:\/\/icaourense.gal\/gl\/wp-json\/wp\/v2\/pages\/1589\/revisions\/1599"}],"wp:featuredmedia":[{"embeddable":true,"href":"https:\/\/icaourense.gal\/gl\/wp-json\/wp\/v2\/media\/1591"}],"wp:attachment":[{"href":"https:\/\/icaourense.gal\/gl\/wp-json\/wp\/v2\/media?parent=1589"}],"curies":[{"name":"wp","href":"https:\/\/api.w.org\/{rel}","templated":true}]}}

Os incendios laborais poden derivar en graves responsabilidades penais e civís

<p>A avogacía de Ourense participa en PREVISEL 2026 para analizar as implicacións xurídicas da prevención de incendios</p>



<p>Ourense, marzo de 2026.  </p>



<p class="translation-block">Os incendios en contornas laborais non son unicamente unha emerxencia que deba ser controlada desde o punto de vista técnico. Tamén poden converterse na orixe de graves responsabilidades penais e civís para todos os profesionais implicados nun proxecto ou actividade.</p>



<p class="translation-block">Este foi un dos eixos da mesa redonda celebrada no 19º Salón da Prevención e Seguridade Laboral (PREVISEL), organizado no marco de Expourense os días 11 e 12 de marzo, onde participaron representantes de distintos colexios profesionais para analizar os retos actuais da seguridade contra incendios.</p>



<p>En representación del <strong>Ilustre Colegio de la Abogacía de Ourense (ICA Ourense)</strong> intervino <strong>Manuela Fernández Cougil</strong>, quien abordó las responsabilidades jurídicas que pueden derivarse de un incendio cuando existen fallos en la prevención, la planificación o la gestión del riesgo.</p>



<p class="translation-block">Segundo explicou, no ámbito xurídico existe unha premisa fundamental: non abonda con apagar o lume, é necesario demostrar que se fixo todo o posible para evitalo.</p>



<p>Según explicó, en el ámbito jurídico existe una premisa fundamental: <strong>no basta con apagar el fuego, es necesario demostrar que se hizo todo lo posible para evitarlo</strong>.</p>



<p class="translation-block">A falta de prevención, de formación axeitada, de control ou dunha resposta dilixente pode traducirse en danos persoais, perdas económicas, afeccións ao medio ambiente e responsabilidades xurídicas de gran alcance, tanto no ámbito civil como penal.</p>



<p class="translation-block">Así mesmo, púxose de relevo que a actuación posterior ao sinistro pode resultar determinante. Actuar con rapidez, avisar ás autoridades, rexistrar o ocorrido, comunicar axeitadamente, investigar as causas e documentar todo o proceso non é só unha boa práctica operativa, senón tamén unha necesidade xurídica que pode influír decisivamente na determinación de responsabilidades.</p>



<p class="translation-block">A mesa redonda reuniu representantes de diversos colexios profesionais —arquitectos, aparelladores, enxeñeiros técnicos industriais, enxeñeiros agrónomos e avogados— co obxectivo de ofrecer unha visión multidisciplinar da seguridade contra incendios, abordando tanto os aspectos técnicos como as implicacións normativas e xurídicas.</p>



<p class="translation-block">A participación do ICA Ourense en PREVISEL pon de manifesto a importancia de integrar a perspectiva xurídica na prevención de riscos laborais, especialmente en ámbitos como a seguridade contra incendios, onde as decisións técnicas e organizativas poden ter consecuencias legais de gran relevancia.</p>

<p>La abogacía de Ourense participa en PREVISEL 2026 para analizar las implicaciones jurídicas de la prevención de incendios Ourense, marzo de 2026. Los incendios en entornos laborales no son únicamente una emergencia que deba ser controlada desde el punto de vista técnico. También pueden convertirse en el origen de graves responsabilidades penales y civiles para &hellip; </p>
