{"id":335,"date":"2025-06-17T12:48:47","date_gmt":"2025-06-17T10:48:47","guid":{"rendered":"http:\/\/icaourense.gal\/?page_id=335"},"modified":"2025-07-19T20:52:47","modified_gmt":"2025-07-19T18:52:47","slug":"master-en-avogacia","status":"publish","type":"page","link":"http:\/\/icaourense.gal\/gl\/master-en-avogacia\/","title":{"rendered":"M\u00e1ster da Avogac\u00eda"},"content":{"rendered":"<p>A Lei 15\/2021, do 23 de outubro, pola que se modifica a Lei 34\/2006, do 30 de outubro, sobre o acceso \u00e1s profesi\u00f3ns de avogado e procurador dos tribunais e no Real decreto 64\/2023, do 8 de febreiro, polo que se aproba o regulamento da Lei 34\/2006, do 30 de outubro, sobre o acceso \u00e1s profesi\u00f3ns da avogac\u00eda e a procurador\u00eda, esixen a superaci\u00f3n dunha formaci\u00f3n espec\u00edfica e unha avaliaci\u00f3n posterior para a obtenci\u00f3n do T\u00edtulo Profesional de Avogado que habilite para o exercicio da profesi\u00f3n.<\/p>\n\n\n\n<p>Tanto a Universidade de Vigo, a trav\u00e9s da Facultade de Dereito de Ourense, como o Ilustre Colexio da Avogac\u00eda de Ourense te\u00f1en entre os seus obxectivos a formaci\u00f3n de quenes desexan exercer como profesionais da avogac\u00eda.<\/p>\n\n\n\n<p>O M\u00e1ster de Acceso \u00e1 Avogac\u00eda est\u00e1 organizado conxuntamente polo Ilustre Colexio da Avogac\u00eda de Ourense e mais pola Universidade de Vigo, a trav\u00e9s da Facultade de Dereito de Ourense, en cumprimento da Lei 15\/2021 e do Real Decreto 64\/2023, do 8 de febreiro. Tr\u00e1tase dun M\u00e1ster de car\u00e1cter obrigatorio para os novos titulados que desexen exercer a avogac\u00eda en Espa\u00f1a, cunha clara orientaci\u00f3n profesional.<\/p>\n\n\n\n<p>O M\u00e1ster imp\u00e1rtese de maneira presencial, nun 50\u202f% por profesorado da Universidade e noutro 50\u202f% por profesionais da avogac\u00eda, na Facultade de Dereito de Ourense, as\u00ed como tam\u00e9n na sede do Ilustre Colexio da Avogac\u00eda de Ourense.<\/p>\n\n\n\n<p>O M\u00e1ster conta cunha Coordinadora Acad\u00e9mica, a Dra. Dolores Fern\u00e1ndez Fustes (Universidade), e cun Coordinador Profesional, D. Benxam\u00edn Mayo Mart\u00ednez (ICA Ourense). A este \u00faltimo corresp\u00f3ndelle elaborar a proposta do Plan de Pr\u00e1cticas e o seu cronograma, as\u00ed como a designaci\u00f3n dos titores de pr\u00e1cticas, que posteriormente deber\u00e1n ser aprobados pola Comisi\u00f3n Acad\u00e9mica.<\/p>\n\n\n\n<p>Para obter informaci\u00f3n adicional sobre o contido e desenvolvemento do M\u00e1ster, p\u00f3dese consultar a p\u00e1xina web da Facultade de Dereito de Ourense:<\/p>\n\n\n\n<p><a class=\"\" href=\"http:\/\/masteravogacia.webs.uvigo.es\/gl\/\">http:\/\/masteravogacia.webs.uvigo.es\/gl\/<\/a><br><\/p>","protected":false},"excerpt":{"rendered":"<p>La Ley 15\/2021, de 23 de octubre, por la que se modifica la Ley 34\/2006, de 30 de octubre, sobre el acceso a las profesiones de abogado y procurador de los tribunales, y el Real Decreto 64\/2023, de 8 de febrero, por el que se aprueba el reglamento de la Ley 34\/2006, de 30 de &hellip; <\/p>","protected":false},"author":1,"featured_media":0,"parent":0,"menu_order":0,"comment_status":"closed","ping_status":"closed","template":"","meta":{"footnotes":""},"class_list":["post-335","page","type-page","status-publish","hentry"],"_links":{"self":[{"href":"http:\/\/icaourense.gal\/gl\/wp-json\/wp\/v2\/pages\/335","targetHints":{"allow":["GET"]}}],"collection":[{"href":"http:\/\/icaourense.gal\/gl\/wp-json\/wp\/v2\/pages"}],"about":[{"href":"http:\/\/icaourense.gal\/gl\/wp-json\/wp\/v2\/types\/page"}],"author":[{"embeddable":true,"href":"http:\/\/icaourense.gal\/gl\/wp-json\/wp\/v2\/users\/1"}],"replies":[{"embeddable":true,"href":"http:\/\/icaourense.gal\/gl\/wp-json\/wp\/v2\/comments?post=335"}],"version-history":[{"count":11,"href":"http:\/\/icaourense.gal\/gl\/wp-json\/wp\/v2\/pages\/335\/revisions"}],"predecessor-version":[{"id":962,"href":"http:\/\/icaourense.gal\/gl\/wp-json\/wp\/v2\/pages\/335\/revisions\/962"}],"wp:attachment":[{"href":"http:\/\/icaourense.gal\/gl\/wp-json\/wp\/v2\/media?parent=335"}],"curies":[{"name":"wp","href":"https:\/\/api.w.org\/{rel}","templated":true}]}}

Máster da Avogacía

<p>A Lei 15/2021, do 23 de outubro, pola que se modifica a Lei 34/2006, do 30 de outubro, sobre o acceso ás profesións de avogado e procurador dos tribunais e no Real decreto 64/2023, do 8 de febreiro, polo que se aproba o regulamento da Lei 34/2006, do 30 de outubro, sobre o acceso ás profesións da avogacía e a procuradoría, esixen a superación dunha formación específica e unha avaliación posterior para a obtención do Título Profesional de Avogado que habilite para o exercicio da profesión.</p>



<p>Tanto a Universidade de Vigo, a través da Facultade de Dereito de Ourense, como o Ilustre Colexio da Avogacía de Ourense teñen entre os seus obxectivos a formación de quenes desexan exercer como profesionais da avogacía.</p>



<p>O Máster de Acceso á Avogacía está organizado conxuntamente polo Ilustre Colexio da Avogacía de Ourense e mais pola Universidade de Vigo, a través da Facultade de Dereito de Ourense, en cumprimento da Lei 15/2021 e do Real Decreto 64/2023, do 8 de febreiro. Trátase dun Máster de carácter obrigatorio para os novos titulados que desexen exercer a avogacía en España, cunha clara orientación profesional.</p>



<p>O Máster impártese de maneira presencial, nun 50 % por profesorado da Universidade e noutro 50 % por profesionais da avogacía, na Facultade de Dereito de Ourense, así como tamén na sede do Ilustre Colexio da Avogacía de Ourense.</p>



<p>O Máster conta cunha Coordinadora Académica, a Dra. Dolores Fernández Fustes (Universidade), e cun Coordinador Profesional, D. Benxamín Mayo Martínez (ICA Ourense). A este último correspóndelle elaborar a proposta do Plan de Prácticas e o seu cronograma, así como a designación dos titores de prácticas, que posteriormente deberán ser aprobados pola Comisión Académica.</p>



<p>Para obter información adicional sobre o contido e desenvolvemento do Máster, pódese consultar a páxina web da Facultade de Dereito de Ourense:</p>



<p><a class="" href="http://masteravogacia.webs.uvigo.es/gl/">http://masteravogacia.webs.uvigo.es/gl/</a><br></p>
